{"id":11,"date":"2018-02-06T15:50:48","date_gmt":"2018-02-06T14:50:48","guid":{"rendered":"https:\/\/www.ontherock.tv\/?page_id=11"},"modified":"2026-04-08T07:49:27","modified_gmt":"2026-04-08T05:49:27","slug":"home-3-2","status":"publish","type":"page","link":"https:\/\/demo.preisingmedia.de\/","title":{"rendered":"Home"},"content":{"rendered":"<\/div><\/div><\/div><!-- close content main div --><\/div><\/div><div id='full_slider_1' class='avia-fullwidth-slider main_color avia-shadow   container_wrap sidebar_right'   ><div  data-size='entry_without_sidebar'  data-lightbox_size='large'  data-animation='slide'  data-ids='955'  data-video_counter='0'  data-autoplay='true'  data-bg_slider='false'  data-slide_height=''  data-handle='av_slideshow_full'  data-interval='5'  data-class=' '  data-css_id=''  data-scroll_down=''  data-control_layout='av-control-default'  data-custom_markup=''  data-perma_caption=''  data-autoplay_stopper=''  data-image_attachment=''  data-min_height='0px'  data-src=''  data-position='top left'  data-repeat='no-repeat'  data-attach='scroll'  data-stretch=''  data-default-height='34.95867768595'  class='avia-slideshow avia-slideshow-1  av-control-default av-default-height-applied avia-slideshow-entry_without_sidebar av_slideshow_full   avia-slide-slider '  itemprop=\"ImageObject\" itemscope=\"itemscope\" itemtype=\"https:\/\/schema.org\/ImageObject\" ><ul class='avia-slideshow-inner' style='padding-bottom: 35.016556291391%;'><li  class=' av-single-slide slide-1 ' ><div data-rel='slideshow-1' class='avia-slide-wrap'  ><img src='https:\/\/demo.preisingmedia.de\/wp-content\/uploads\/2022\/12\/start5.jpg' width='1208' height='423' title='start5' alt=''  itemprop=\"thumbnailUrl\"   \/><\/div><\/li><\/ul><\/div><\/div>\n<\/div><\/div><\/div><!-- close content main div --><\/div><\/div><div id='av_section_1' class='avia-section main_color avia-section-default avia-no-border-styling avia-full-stretch avia-bg-style-fixed   container_wrap sidebar_right' style = 'background-repeat: no-repeat; background-image: url(https:\/\/demo.preisingmedia.de\/wp-content\/uploads\/2018\/08\/back2-1-1500x844.jpg); background-attachment: fixed; background-position: center center; ' data-section-bg-repeat='stretch' ><div class='container' ><div class='template-page content  av-content-small alpha units'><div class='post-entry post-entry-type-page post-entry-11'><div class='entry-content-wrapper clearfix'>\n<div class=\"flex_column av_one_half  flex_column_div av-zero-column-padding first  \" style='border-radius:0px; '><p><div class='avia-image-container  av-styling-    avia-align-center '  itemprop=\"ImageObject\" itemscope=\"itemscope\" itemtype=\"https:\/\/schema.org\/ImageObject\"  ><div class='avia-image-container-inner'><img class='avia_image ' src='https:\/\/demo.preisingmedia.de\/wp-content\/uploads\/2022\/12\/Logo-2023.jpg' alt='' title='Logo 2023'   itemprop=\"thumbnailUrl\"  \/><\/div><\/div><br \/>\n<\/p><\/div><div class=\"flex_column av_one_half  flex_column_div av-zero-column-padding   \" style='border-radius:0px; '><div class='avia-image-container  av-styling-    avia-align-center '  itemprop=\"ImageObject\" itemscope=\"itemscope\" itemtype=\"https:\/\/schema.org\/ImageObject\"  ><div class='avia-image-container-inner'><img class='avia_image ' src='https:\/\/demo.preisingmedia.de\/wp-content\/uploads\/2022\/12\/aerzte.jpg' alt='' title='\u00e4rzte'   itemprop=\"thumbnailUrl\"  \/><\/div><\/div><\/div>\n<\/div><\/div><\/div><!-- close content main div --><\/div><\/div><div id='after_section_1' class='main_color av_default_container_wrap container_wrap sidebar_right'   ><div class='container' ><div class='template-page content  av-content-small alpha units'><div class='post-entry post-entry-type-page post-entry-11'><div class='entry-content-wrapper clearfix'>\n<\/div><\/div><\/div><!-- close content main div --><\/div><\/div><div id='av_section_2' class='avia-section main_color avia-section-default avia-no-border-styling avia-bg-style-scroll   container_wrap sidebar_right' style = 'background-color: #ffffff; '  ><div class='container' ><div class='template-page content  av-content-small alpha units'><div class='post-entry post-entry-type-page post-entry-11'><div class='entry-content-wrapper clearfix'>\n<div class=\"flex_column av_one_half  flex_column_div av-zero-column-padding first  \" style='border-radius:0px; '><section class=\"av_textblock_section \"  itemscope=\"itemscope\" itemtype=\"https:\/\/schema.org\/CreativeWork\" ><div class='avia_textblock  '   itemprop=\"text\" ><h1><\/h1>\n<h1><\/h1>\n<h2><\/h2>\n<h1><\/h1>\n<div><\/div>\n<div><\/div>\n<div>\n<p><span style=\"color: #000000;\">Liebe Patientinnen und Patienten,<\/span><\/p>\n<p>nun werden die Tage wieder l\u00e4nger und endlich kommt die ersehnte warme Jahreszeit. Wie w\u00fcnschen Ihnen daf\u00fcr viel Lebensfreude und Gesundheit.<\/p>\n<p>Auch in diesem Jahr w\u00fcrden wir Sie wieder gerne mit Rat und Tat in Bezug auf Ihre Gesundheit begleiten. Gerade jetzt, wo wieder alles gr\u00fcnt und bl\u00fcht,<\/p>\n<p>denken Sie an Ihren Zeckenschutz, damit Sie diese Zeit unbeschwert genie\u00dfen k\u00f6nnen.<\/p>\n<p>Erfreulicherweise haben wir alle wichtigen und angepassten Impfstoffe parat, um Sie \u2013 liebe Patientinnen und Patienten \u2013 umfassend sch\u00fctzen zu k\u00f6nnen.<\/p>\n<p><span style=\"color: #ff0000;\">Zudem empfehlen wir allen PatientInnen \u00fcber 75 Jahre und allen ChonikerInnen ab 60 Jahre eine RS-Virus-Impfung !!!<\/span><\/p>\n<p><span style=\"color: #ff0000;\">Melden Sie sich rechtzeitig bei uns an. Wir beraten Sie auch gern, ob f\u00fcr Sie eine Impfung gegen G\u00fcrtelrose oder die durch Zecken \u00fcbertragbare Hirnhautentz\u00fcndung sinnvoll ist.<\/span><\/p>\n<p>Sehen Sie uns als Partner auf Ihrem Lebensweg!<\/p>\n<p>Ihr Hausarztteam<\/p>\n<p>Dr. Andrea Hundt und Dr. Peter B\u00e4cker<\/p>\n<p>Peggy Simon, Sarah Schaufert, Cindy Meyer, Carmen K\u00fchlborn<\/p>\n<\/div>\n<div>\n<p><span style=\"color: #000000;\">Hier einige organisatorische Informationen:<\/span><\/p>\n<p><span style=\"color: #000000;\">Zur Optimierung der Wartezeiten bitten wir Sie \u2013 wenn es die Beschwerden zulassen \u2013 einen Termin bei uns zu machen. Dies sollte auch bei Laboruntersuchungen beachtet werden. Falls die Telefone mal wieder gl\u00fchen gerne als Mail unter info@arztpraxis-hundt.de.<\/span><\/p>\n<p><span style=\"color: #000000;\">Die vertrauten Praxis\u00f6ffnungszeiten bleiben unver\u00e4ndert. Allerdings finden in der Stunde zwischen 12 Uhr und 13 Uhr keine Arzttermine statt; Rezepte, \u00dcberweisungen o.\u00e4. k\u00f6nnen aber gerne in dem Zeitfenster weiterhin bestellt und abgeholt werden.<\/span><\/p>\n<p><span style=\"color: #ff0000;\">Sollten Sie unter akuten Erk\u00e4ltungsbeschwerden oder &#8222;Magen-Darm&#8220; leiden, nutzen Sie bitte unsere eigens daf\u00fcr eingerichtete Infektsprechstunde zwischen 9 Uhr und 10 Uhr. Bei Erk\u00e4ltungsbeschwerden bitten wir Sie &#8211; zum Schutz der MitpatientInnen und unseres Personals &#8211; eine OP- oder FFP2-Maske zu tragen.<\/span><\/p>\n<\/div>\n<div><\/div>\n<div><\/div>\n<h4><\/h4>\n<\/div><\/section><\/div><div class=\"flex_column av_one_half  flex_column_div av-zero-column-padding   \" style='border-radius:0px; '><section class=\"avia_codeblock_section  avia_code_block_0\"  itemscope=\"itemscope\" itemtype=\"https:\/\/schema.org\/CreativeWork\" ><div class='avia_codeblock '  itemprop=\"text\" > [avia_codeblock_placeholder uid=\"0\"] <\/div><\/section><\/div><\/div><\/div><\/div><!-- close content main div --><\/div><\/div><div id='after_section_2' class='main_color av_default_container_wrap container_wrap sidebar_right'   ><div class='container' ><div class='template-page content  av-content-small alpha units'><div class='post-entry post-entry-type-page post-entry-11'><div class='entry-content-wrapper clearfix'><\/div><\/div><\/div><!-- close content main div --><\/div><\/div><div id='av_section_3' class='avia-section main_color avia-section-default avia-no-border-styling avia-full-stretch avia-bg-style-fixed   container_wrap sidebar_right' style = 'background-repeat: no-repeat; background-image: url(https:\/\/demo.preisingmedia.de\/wp-content\/uploads\/2018\/08\/back2-1-1500x844.jpg); background-attachment: fixed; background-position: center center; ' data-section-bg-repeat='stretch' ><div class='container' ><div class='template-page content  av-content-small alpha units'><div class='post-entry post-entry-type-page post-entry-11'><div class='entry-content-wrapper clearfix'>\n<div class=\"flex_column av_one_half  flex_column_div av-zero-column-padding first  \" style='border-radius:0px; '><section class=\"av_textblock_section \"  itemscope=\"itemscope\" itemtype=\"https:\/\/schema.org\/CreativeWork\" ><div class='avia_textblock  av_inherit_color '  style='color:#000000; '  itemprop=\"text\" ><p><span class=\"xr_tl xr_s8\"><span style=\"color: #ffffff;\">Auf unserer Homepage finden Sie Informationen zu unseren<\/span> <span class=\"xr_s9\"><span style=\"color: #00ff00;\"><strong>Standards<\/strong><\/span> <span style=\"color: #ffffff;\">und<\/span> <strong><span style=\"color: #00ff00;\">Leitlinien<\/span><\/strong><\/span><span style=\"color: #ffffff;\">, \u00fcber unser<\/span> <span style=\"color: #00ff00;\"><strong><span class=\"xr_s9\">Praxisteam<\/span><\/strong><\/span><span style=\"color: #ffffff;\">\u00a0und einen<\/span><\/span><span class=\"xr_tl xr_s8\" style=\"color: #ffffff;\"> \u00dcberblick \u00fcber unser Angebot an <span class=\"xr_s9\">Gesundheitsleistungen<\/span>. <\/span><span class=\"xr_tl xr_s8\"><span style=\"color: #ffffff;\">Alle weiteren Fragen beantwortet unser<\/span> <span style=\"color: #00ff00;\"><strong>Team<\/strong><\/span> <span style=\"color: #ffffff;\">gerne telefonisch oder pers\u00f6nlich \u2013 schauen Sie einfach vorbei!<\/span><\/span><\/p>\n<\/div><\/section><\/div><div class=\"flex_column av_one_half  flex_column_div av-zero-column-padding   \" style='border-radius:0px; '><div class='avia-image-container  av-styling-    avia-align-center '  itemprop=\"ImageObject\" itemscope=\"itemscope\" itemtype=\"https:\/\/schema.org\/ImageObject\"  ><div class='avia-image-container-inner'><img class='avia_image ' src='https:\/\/demo.preisingmedia.de\/wp-content\/uploads\/2022\/12\/P1238369-scaled.jpg' alt='' title='P1238369'   itemprop=\"thumbnailUrl\"  \/><\/div><\/div><\/div>\n<\/div><\/div><\/div><!-- close content main div --><\/div><\/div><div id='after_section_3' class='main_color av_default_container_wrap container_wrap sidebar_right'   ><div class='container' ><div class='template-page content  av-content-small alpha units'><div class='post-entry post-entry-type-page post-entry-11'><div class='entry-content-wrapper clearfix'><\/p>\n<\/div><\/div><\/div><!-- close content main div --><\/div><\/div><div id='av_section_4' class='avia-section main_color avia-section-default avia-no-border-styling avia-bg-style-scroll   av-minimum-height av-minimum-height-custom container_wrap sidebar_right' style = 'background-color: #00d80a; '  ><div class='container' style='height:5px'><div class='template-page content  av-content-small alpha units'><div class='post-entry post-entry-type-page post-entry-11'><div class='entry-content-wrapper clearfix'>\n<div class=\"flex_column av_two_fifth  flex_column_div av-zero-column-padding first  \" style='border-radius:0px; '><section class=\"av_textblock_section \"  itemscope=\"itemscope\" itemtype=\"https:\/\/schema.org\/CreativeWork\" ><div class='avia_textblock  av_inherit_color '  style='color:#ffffff; '  itemprop=\"text\" ><p><strong>Kontakt<\/strong><\/p>\n<p>Haus\u00e4rztliche Arztpraxis<\/p>\n<p>Dr. med. Andrea Hundt &amp; Dr. med. Peter B\u00e4cker<\/p>\n<p>Tel.: (0234) 6 54 33 und Tel. (0234) 33 54 48<\/p>\n<p>Fax.: (0234) 6 40 53 10<\/p>\n<p><span class=\"xr_tl xr_s8\">info@arztpraxis-hundt.de\u00a0<\/span><\/p>\n<p><strong>Terminvereinbarungen erw\u00fcnscht!<\/strong><\/p>\n<p>Bongardstr. 29, Innenstadt, 44787 Bochum &#8211; oberhalb der Apotheke \u201cAlte-Apotheke 1691\u201d.<\/p>\n<\/div><\/section><\/div><div class=\"flex_column av_two_fifth  flex_column_div av-zero-column-padding   \" style='border-radius:0px; '><section class=\"av_textblock_section \"  itemscope=\"itemscope\" itemtype=\"https:\/\/schema.org\/CreativeWork\" ><div class='avia_textblock  av_inherit_color '  style='color:#ffffff; '  itemprop=\"text\" ><p><span style=\"color: #ffffff;\"><strong>Unsere Sprechstunden<br \/>\n<\/strong><\/span><\/p>\n<p><span style=\"color: #ffffff;\">Montag 08.00 &#8211; 16.00 Uhr<\/span><\/p>\n<p><span style=\"color: #ffffff;\">Dienstag 08.00 &#8211; 17.00 Uhr<\/span><\/p>\n<p><span style=\"color: #ffffff;\">Mittwoch 08.00 &#8211; 12.00 Uhr<\/span><\/p>\n<p><span style=\"color: #ffffff;\">Donnerstag 08.00 &#8211; 16.00 Uhr<\/span><\/p>\n<p><span style=\"color: #ffffff;\">Freitag 08.00 &#8211; 13.00 Uhr<\/span><\/p>\n<p><span style=\"color: #ffffff;\">keine Sprechstunden zwischen 12 und 13 Uhr<\/span><\/p>\n<p><span style=\"color: #ffffff;\">Termin nach Vereinbarung<\/span><\/p>\n<\/div><\/section><\/div><div class=\"flex_column av_four_fifth  flex_column_div av-zero-column-padding first  \" style='border-radius:0px; '><section class=\"av_textblock_section \"  itemscope=\"itemscope\" itemtype=\"https:\/\/schema.org\/CreativeWork\" ><div class='avia_textblock  av_inherit_color '  style='color:#ffffff; '  itemprop=\"text\" ><p><a href=\"https:\/\/demo.preisingmedia.de\/?page_id=583\"><strong>Impressum<\/strong><\/a><\/p>\n<\/div><\/section><\/div>\n<\/div><\/div><\/div><!-- close content main div --><\/div><\/div><div id='after_section_4' class='main_color av_default_container_wrap container_wrap sidebar_right'   ><div class='container' ><div class='template-page content  av-content-small alpha units'><div class='post-entry post-entry-type-page post-entry-11'><div class='entry-content-wrapper clearfix'>\n<div class=\"flex_column av_one_half  flex_column_div av-zero-column-padding first  \" style='border-radius:0px; '><\/div>\n<div class=\"flex_column av_one_third  flex_column_div av-zero-column-padding   \" style='border-radius:0px; '><\/div>\n<div class=\"flex_column av_one_full  flex_column_div av-zero-column-padding first  \" style='border-radius:0px; '><\/div>\n","protected":false},"excerpt":{"rendered":"","protected":false},"author":1,"featured_media":0,"parent":0,"menu_order":0,"comment_status":"closed","ping_status":"closed","template":"","meta":[],"_links":{"self":[{"href":"https:\/\/demo.preisingmedia.de\/index.php?rest_route=\/wp\/v2\/pages\/11"}],"collection":[{"href":"https:\/\/demo.preisingmedia.de\/index.php?rest_route=\/wp\/v2\/pages"}],"about":[{"href":"https:\/\/demo.preisingmedia.de\/index.php?rest_route=\/wp\/v2\/types\/page"}],"author":[{"embeddable":true,"href":"https:\/\/demo.preisingmedia.de\/index.php?rest_route=\/wp\/v2\/users\/1"}],"replies":[{"embeddable":true,"href":"https:\/\/demo.preisingmedia.de\/index.php?rest_route=%2Fwp%2Fv2%2Fcomments&post=11"}],"version-history":[{"count":466,"href":"https:\/\/demo.preisingmedia.de\/index.php?rest_route=\/wp\/v2\/pages\/11\/revisions"}],"predecessor-version":[{"id":1129,"href":"https:\/\/demo.preisingmedia.de\/index.php?rest_route=\/wp\/v2\/pages\/11\/revisions\/1129"}],"wp:attachment":[{"href":"https:\/\/demo.preisingmedia.de\/index.php?rest_route=%2Fwp%2Fv2%2Fmedia&parent=11"}],"curies":[{"name":"wp","href":"https:\/\/api.w.org\/{rel}","templated":true}]}}